*u**3 + 32*u. Give t(16).
-5
Let p be 1*6*((-24)/9)/4. Let a be 3/9 + (1160/12 - p). Let z = -104 + a. Let y(u) = u**2 + u + 4. Calculate y(z).
10
Let k be (-16)/24*(3 - (-867)/2). Let a = -296 - k. Let n(z) = -z**3 - 4*z**2 - 1. Give n(a).
24
Let t(y) = 631*y + 187. Let c(j) = 255*j + 93. Let q(a) = 5*c(a) - 2*t(a). Calculate q(-9).
-26
Let w(l) = l**2 - 17*l - 3*l + 9*l - 81 + 3*l. Give w(14).
3
Let x(n) = -5*n**3 - 10*n**2 + 25*n + 22. Let p(z) = -29*z**3 - 62*z**2 + 145*z + 131. Let w(i) = 6*p(i) - 35*x(i). What is w(22)?
-94
Suppose -3*d - 12 = -7*d. Suppose 0 = -d*t - 5*t + 56. Let p(k) = k - 8. Let m(l) = 2*l - 15. Let a(z) = t*p(z) - 4*m(z). What is a(4)?
0
Let o(d) = 3*d**2 - d. Suppose 49 + 26 = 5*j. Let a = j - 15. Let w be -4*3/(-4) + (-1 - a). Determine o(w).
10
Let d(c) = c**3 + 2*c**2 - 2*c + 6. Suppose -2651*h = -2650*h + 3. What is d(h)?
3
Let j(k) = 64*k - 484. Let f(c) = 97*c - 731. Let d(u) = 5*f(u) - 8*j(u). Give d(8).
1
Let p = -166 - -190. Let q be (1 - 6/p) + 6/(-8). Let b(z) = -z - 3. Give b(q).
-3
Let k be ((-3)/(-6))/((-2)/(-24)). Suppose 11*b = 391 - 292. Let z(h) = -k*h - 8*h**2 + b + 13*h - 100*h**3 + 101*h**3. Calculate z(7).
9
Let i(o) = 7*o + 4*o + o + 4 - 8*o. Let f be (-11 - -1)*(-224)/(-80). Let l = f - -24. What is i(l)?
-12
Let o(u) = -u**2 - 10*u - 1. Let v(f) be the third derivative of f**5/60 - 13*f**4/12 - 82*f**3/3 - f**2 - 31*f. Let q be v(31). Calculate o(q).
8
Let u = 8 + -19. Let d(o) = 1 - 6*o + 1 - 3 + 7*o. Let n(p) = 6*p - 5. Let c(z) = u*d(z) + 2*n(z). What is c(0)?
1
Let h(v) = -2*v + 1 - 3*v - 6*v. Let f = 18330 + -18328. Give h(f).
-21
Let i(t) = 5*t**2 - 39*t - 243 + 151 + 164 - 6*t**2 + 2*t**2. Calculate i(37).
-2
Suppose 135 + 217 = 176*r. Let u(d) be the first derivative of d**4/6 - d**3/6 - d**2 + 2. Let t(g) be the second derivative of u(g). What is t(r)?
7
Let p(u) be the third derivative of u**4/12 - 7*u**3/6 + 895*u**2 + 3*u. Let k(a) = a**3 - 12*a**2 + 12*a - 3. Let c be k(11). Calculate p(c).
9
Let o(k) be the first derivative of k**4/4 + 3*k**3 - 9*k**2/2 - 6*k - 1559. Give o(-10).
-16
Let u(h) be the first derivative of -129 - 7/3*h**3 + 1/4*h**4 - 12*h + 9/2*h**2. Determine u(6).
6
Let v(r) = -1 - 37*r**2 - 38*r**2 - 36*r**2 - 2*r + 4*r - 48*r**2 + 155*r**2. Suppose -3*o - 16 = -5*j, 2 = -5*o - 2*j - 2*j. Calculate v(o).
-21
Let f(d) be the first derivative of -d**4/4 - d**2/2 + 19*d - 49. Let l be -5 + -3 + -2 + 10. Determine f(l).
19
Let b(m) = -m**2 - m + 120. Let t(q) = -q + 21. Let g(a) = b(a) - 6*t(a). Let v(p) = 2*p - 4. Let f be v(4). Calculate g(f).
-2
Let k(r) = -3*r + 59. Suppose 0 = -73*v + 317 + 426 + 425. Calculate k(v).
11
Let y(c) = -9*c - 662. Let s(q) = -16*q - 1160. Let r(p) = -11*s(p) + 19*y(p). Calculate r(-35).
7
Suppose 19*b + 58 = -113. Let d(t) = t**2 + 4*t + 6. Give d(b).
51
Let t(p) = p**2 - 9*p - 4. Let s be t(13). Let b = s - 50. Let d(o) = -2*o**2 + 2*o + 3. Calculate d(b).
-9
Let j(a) = 14*a**3. Suppose 0 = -5*b - 3*o - 267, -28 = b - 4*o + 30. Let h = -51 - b. Suppose 10 = -2*f, h*f = m - f - 21. Determine j(m).
14
Let f(r) = 5*r**2 - 7*r + 52. Let t(v) = -v**2 - 3. Let n(z) = -f(z) - 6*t(z). Calculate n(-10).
-4
Let j(v) = -2*v - 1. Suppose 0*s - 14 = s + 2*h, -4*s - 4*h = 68. Let u = 1206 - 1209. Let p be 3 - (s/4 - u). Give j(p).
-11
Let v(m) = -m**3 + 2*m + 3. Let y(k) = k**2 - 2*k + 1. Let g(n) = -4*n**2 - 2*n - 17. Let q(z) = g(z) + 3*y(z). Let f be q(-6). Determine v(f).
7
Suppose 32 = 3*d + 2. Suppose 3 = d*n - 11*n. Let b(m) = 3 + 4*m - 3 - 2 - 1. Calculate b(n).
-15
Let v(s) = -104 + 682*s**3 + 554*s**3 + 28*s**2 - 1237*s**3 - 23*s. What is v(27)?
4
Suppose 0 + 15 = 5*i - 10. Let c(p) = 6*p - 14 - p**3 + 6*p**2 - 2*p**2 + 11. What is c(i)?
2
Let i(o) = 5*o**2 - 6*o + 4. Let w be 2 - (-6 + 7/((-42)/(-66))). What is i(w)?
67
Let z(b) = -b**2 - 19*b + 26. Let d be z(-20). Let n be -1 - d - 18/(-6). Let h(g) = -4*g + 1. Let u(p) = 3*p - 1. Let j(k) = -2*h(k) - 3*u(k). What is j(n)?
5
Let r(j) be the second derivative of -j**3/6 - 3*j**2 - 5168*j. Suppose 4 + 7 = -g. Determine r(g).
5
Let o(n) = 5*n - 1. Let m(f) = f**2 + 22*f + 2. Let u(z) = m(z) - 3*o(z). Suppose 3*w - 4*y = 7*w + 36, 2*y + 3 = w. Calculate u(w).
-5
Let a(k) = -k - 5. Suppose 4*o + j - 415 - 104 = 0, 4*o - 515 = -5*j. Let n = -143 + o. Calculate a(n).
8
Let n(z) = -2*z**2 + 7*z + 2. Let x(j) = -11*j + 51. Let i be x(9). Let v be (i/32)/(3/(-2)). Let q be (1 - -2)/1 + v*2. Determine n(q).
-13
Let b(v) = 3*v**2 + 14*v - 1. Let p be b(-5). Let k(z) = 26*z + 0 + 30*z - 3 - 54*z. Calculate k(p).
5
Let f(j) = -j**2 - 3*j + 1 - 4*j**2 + 2*j**2 + 4*j**2. Let s be f(4). Let t(n) = -14*n + 5. Let i(u) = -u**2 - 6*u - 2. Let a(m) = i(m) - t(m). Determine a(s).
8
Let j(t) = -t**3 + 21*t**2 - 17*t - 54. Suppose -74*v + 250 + 590 = -640. Calculate j(v).
6
Let m(r) = -r**2 - 60*r - 343. Let g be m(-6). Let y(n) = 5*n**2 + 97*n + 40. What is y(g)?
2
Let p(k) = 6*k**3 + 0*k**2 - 2*k**2 - 5*k**2 + 9*k + 2*k**2 - 7*k**3 - 5. Let o(j) = -j**2 + 5*j + 7. Let q be o(7). Calculate p(q).
30
Let q(n) = 8*n + 20. Let i be (-2)/(-50) - (-6030)/(-750). Determine q(i).
-44
Let b(p) = -p**2 - p + 1. Let v(i) = 24*i**2 + 16*i - 16. Let y(q) = -16*b(q) - v(q). Let s = -1 + -9. Let z be (8/20)/((-4)/s). Give y(z).
-8
Suppose -23*g - 30 - 31 = 38*g. Let s(q) = 13*q + 3. What is s(g)?
-10
Let z(k) = k**3 + 7*k**2 - 7*k + 6. Let n be (-16)/14*(-24 - -31). Calculate z(n).
-2
Suppose -3*i + y = -1, 2*y + 9 = 3*i + 5*y. Let w be (1 - (i + 0)) + (35 - 22). Let g(k) = -k**2 + 11*k + 22. Determine g(w).
-4
Let w(m) = m**2 - 3 - 2 + m + m**3 + 0*m - 16. Let p(i) = -2*i**3 - 2*i**2 - 11*i - 11. Let c be p(-1). What is w(c)?
-21
Let n be 16/(-6) + 3 - ((-286)/33 - -4). Let p(v) = -2*v**3 + 8*v**2 + 10*v + 5. Calculate p(n).
5
Let z(l) = -5*l + 8. Let k(h) = 9*h - 15. Let v(p) = 4*k(p) + 7*z(p). Suppose 6*x = 3*x + 6. Suppose -c + 5*i = -28, 0 = -i - 3 - x. Determine v(c).
-1
Let u(n) = 8*n - 24. Let v(o) = 7*o**2 - 161*o + 3. Let g be v(23). Calculate u(g).
0
Let r(h) be the first derivative of -3*h**2 + 56*h - 3274. Give r(12).
-16
Let k = 975 - 972. Let s be (-18)/12*(28/(-12) - k). Let c(a) = a - a + a + 0. What is c(s)?
8
Let a(y) be the first derivative of -y**4/12 + 5*y**3/6 + 5*y**2/2 - 198*y + 164. Let z(k) be the first derivative of a(k). Determine z(5).
5
Suppose 0 = -i + 2. Suppose -5*b = i*a + 9, 0 = -a + 6*a + b - 12. Suppose 2*r - a = 11. Let x(c) = c**3 - 8*c**2 + 7*c - 1. What is x(r)?
-1
Let r(b) be the second derivative of -1/12*b**4 + 0 - 1/2*b**3 - 277*b - 3/2*b**2. Give r(-6).
-21
Suppose 16*l - 3*l + l = 280. Let u(a) = -5*a + 74. Calculate u(l).
-26
Let f(y) = -2*y - 5. Let v be f(-4). Let j = 6 - v. Let i(u) be the second derivative of -u**5/20 + u**4/12 + 2*u**3/3 + u**2/2 - 33*u + 152. Determine i(j).
-5
Let p(m) be the first derivative of 3*m**2 + 21*m - 7109. Calculate p(1).
27
Let v(n) = n**3 + n**2 - 3*n. Suppose 2157*j - 2181*j - 96 = 0. Give v(j).
-36
Let o(c) be the third derivative of 11*c**4/12 - 14*c**3/3 + 1371*c**2 + 3. Give o(4).
60
Let t(c) = 73*c + 152. Let o(y) = 2*y - 1. Let w(p) = -2*o(p) - t(p). Let d be w(-2). Let b(q) = q**2 - 7*q + 5. Calculate b(d).
-7
Let t(c) = -c**2 + 68*c - 1027. Let k be t(43). Let v(m) be the second derivative of -1/2*m**3 + 0 + 1/10*m**5 + 1/6*m**4 - m**2 - k*m. Give v(-2).
-4
Let k(u) = 4*u**2 - 2*u**2 + 2*u + 1 + u - 8*u - u**2. Let z = 60 - 13. Let h = -45 + z. What is k(h)?
-5
Let z(x) = 4*x**2 + 2*x - 3. Let q be z(2). Let g = 10 - q. Let f(h) = 23 - 7 + 3*h**2 - 2*h**2 + 8*h - 7. What is f(g)?
2
Let x = -430 + 243. Let k = x + 181. Let s(j) = -j**3 - 5*j**2 + 6*j + 1. Determine s(k).
1
Let v be (-3 - 17)*(-3 - 104/(-40)). Let q(b) = 8 + b + 3*b - 7 + v - b. Give q(-6).
-9
Let f(n) be the first derivative of n**4/4 + 2*n**3 + 3*n**2/2 - 23*n - 970. Determine f(-5).
-13
Let r(j) = 4*j + 6. Let s be (7/(49/546))/((-8)/(-36)). Suppose -342*u = -s*u - 36. Determine r(u).
-10
Let v(o) = -o + 1. Let l(b) = -7. Let z(y) = -l(y) - 6*v(y). Let s be (-3)/(-3)*(2 - 29). Let w be 6/(-4) + 1/(18/s). Calculate z(w).
-17
Let k(u) = 9*u - 32. Let p be k(4). Let a(w) = -p*w - w + 730 - 722. Determine a(6).
-22
Let j(f) = -f**2 - f + 21. Suppose 85*a =